it of 8817206?
2
What is the ten thousands digit of 1487656?
8
What is the hundreds digit of 166972?
9
What is the tens digit of 2076460?
6
What is the units digit of 14821724?
4
What is the ten millions digit of 10491202?
1
What is the hundred thousands digit of 222703?
2
What is the hundreds digit of 346697?
6
What is the ten thousands digit of 3394906?
9
What is the hundred thousands digit of 17347316?
3
What is the units digit of 1813077?
7
What is the ten thousands digit of 20073307?
7
What is the thousands digit of 215849?
5
What is the hundred thousands digit of 7825604?
8
What is the units digit of 2983847?
7
What is the tens digit of 22318105?
0
What is the ten thousands digit of 17469641?
6
What is the hundred thousands digit of 870405?
8
What is the millions digit of 3968525?
3
What is the hundred thousands digit of 5560843?
5
What is the tens digit of 1471488?
8
What is the ten thousands digit of 676633?
7
What is the tens digit of 27808?
0
What is the tens digit of 2319339?
3
What is the units digit of 1424746?
6
What is the tens digit of 2757900?
0
What is the millions digit of 7846051?
7
What is the thousands digit of 268457?
8
What is the tens digit of 53149?
4
What is the thousands digit of 579719?
9
What is the hundred thousands digit of 3256831?
2
What is the hundreds digit of 391066?
0
What is the tens digit of 2217344?
4
What is the thousands digit of 272547?
2
What is the tens digit of 78642?
4
What is the thousands digit of 4282039?
2
What is the millions digit of 10428262?
0
What is the ten thousands digit of 267753?
6
What is the thousands digit of 21519401?
9
What is the ten thousands digit of 771218?
7
What is the thousands digit of 863117?
3
What is the hundred thousands digit of 673065?
6
What is the ten millions digit of 31440021?
3
What is the hundreds digit of 7824?
8
What is the tens digit of 109762?
6
What is the millions digit of 1103600?
1
What is the ten thousands digit of 594729?
9
What is the ten thousands digit of 1144001?
4
What is the thousands digit of 891525?
1
What is the ten thousands digit of 141682?
4
What is the units digit of 2104394?
4
What is the ten thousands digit of 574642?
7
What is the thousands digit of 358682?
8
What is the thousands digit of 7798612?
8
What is the ten thousands digit of 1898794?
9
What is the thousands digit of 2985639?
5
What is the tens digit of 699477?
7
What is the hundred thousands digit of 13177380?
1
What is the thousands digit of 982003?
2
What is the tens digit of 4173103?
0
What is the ten thousands digit of 9978890?
7
What is the thousands digit of 6000334?
0
What is the hundred thousands digit of 1087183?
0
What is the thousands digit of 9803771?
3
What is the hundreds digit of 28136300?
3
What is the millions digit of 2265371?
2
What is the tens digit of 87688?
8
What is the thousands digit of 50061?
0
What is the ten thousands digit of 19510197?
1
What is the thousands digit of 425330?
5
What is the thousands digit of 2375574?
5
What is the hundred thousands digit of 244549?
2
What is the ten thousands digit of 395988?
9
What is the ten thousands digit of 37465?
3
What is the tens digit of 71773?
7
What is the ten thousands digit of 3124059?
2
What is the tens digit of 2317818?
1
What is the tens digit of 67787?
8
What is the hundred thousands digit of 9228983?
2
What is the tens digit of 4372?
7
What is the millions digit of 19018204?
9
What is the millions digit of 5526541?
5
What is the hundred thousands digit of 763828?
7
What is the hundreds digit of 17406098?
0
What is the thousands digit of 1533876?
3
What is the tens digit of 1730155?
5
What is the hundreds digit of 4655902?
9
What is the hundred thousands digit of 28244571?
2
What is the ten thousands digit of 69572?
6
What is the units digit of 593703?
3
What is the ten thousands digit of 1082565?
8
What is the units digit of 15620?
0
What is the thousands digit of 1371773?
1
What is the tens digit of 427580?
8
What is the ten thousands digit of 6378325?
7
What is the hundred thousands digit of 205498?
2
What is the units digit of 311012?
2
What is the hundreds digit of 794115?
1
What is the hundreds digit of 854878?
8
What is the ten thousands digit of 142975?
4
What is the millions digit of 1704465?
1
What is the tens digit of 35948879?
7
What is the hundred thousands digit of 6457865?
4
What is the ten thousands digit of 168438?
6
What is the millions digit of 1472563?
1
What is the hundred thousands digit of 262189?
2
What is the hundred thousands digit of 4796492?
7
What is the thousands digit of 1035184?
5
What is the ten thousands digit of 741977?
4
What is the hundreds digit of 15718039?
0
What is the tens digit of 2547984?
8
What is the hundred thousands digit of 29812587?
8
What is the units digit of 18943?
3
What is the tens digit of 1054033?
3
What is the hundreds digit of 17192?
1
What is the units digit of 13503712?
2
What is the millions digit of 4887439?
4
What is the hundred thousands digit of 1658260?
6
What is the millions digit of 2404470?
2
What is the ten thousands digit of 166597?
6
What is the ten thousands digit of 43923?
4
What is the units digit of 69898?
8
What is the tens digit of 5340699?
9
What is the hundreds digit of 3465978?
9
What is the units digit of 1709574?
4
What is the millions digit of 4536116?
4
What is the units digit of 2116945?
5
What is the tens digit of 542613?
1
What is the tens digit of 539388?
8
What is the units digit of 337192?
2
What is the tens digit of 53325?
2
What is the hundred thousands digit of 237515?
2
What is the hundred thousands digit of 1577102?
5
What is the units digit of 293319?
9
What is the hundreds digit of 5707348?
3
What is the units digit of 10177617?
7
What is the tens digit of 5591344?
4
What is the ten thousands digit of 289726?
8
What is the hundreds digit of 11228043?
0
What is the hundreds digit of 10439332?
3
What is the tens digit of 144742?
4
What is the ten thousands digit of 282337?
8
What is the units digit of 64298?
8
What is the ten thousands digit of 125951?
2
What is the thousands digit of 5455775?
5
What is the hundreds digit of 220110?
1
What is the ten thousands digit of 262292?
6
What is the thousands digit of 171279?
1
What is the ten thousands digit of 9307948?
0
What is the units digit of 580166?
6
What is the ten millions digit of 21791597?
2
What is the hundreds digit of 7770455?
4
What is the tens digit of 4207600?
0
What is the millions digit of 6248685?
6
What is the hundreds digit of 447096?
0
What is the tens digit of 181135?
3
What is the ten thousands digit of 2416947?
1
What is the units digit of 324890?
0
What is the tens digit of 160699?
9
What is the ten thousands digit of 751735?
5
What is the hundreds digit of 963932?
9
What is the thousands digit of 6251519?
1
What is the thousands digit of 531997?
1
What is the units digit of 2066717?
7
What is the tens digit of 2287425?
2
What is the units digit of 339830?
0
What is the hundreds digit of 350418?
4
What is the hundreds digit of 77012?
0
What is the hundred thousands digit of 7273742?
2
What is the hundred thousands digit of 3647948?
6
What is the hundreds digit of 981958?
9
What is the tens digit of 26524?
2
What is the units digit of 298888?
8
What is the units digit of 873814?
4
What is the hundred thousands digit of 2703232?
7
What is the ten thousands digit of 3527606?
2
What is the thousands digit of 282860?
2
What is the thousands digit of 90432?
0
What is the ten thousands digit of 228357?
2
What is the units digit of 1545206?
6
What is the ten thousands digit of 344487?
4
What is the hundred thousands digit of 7346103?
3
What is the thousands digit of 396607?
6
What is the units digit of 34394151?
1
What is the units digit of 170665?
5
What is the units digit of 87981?
1
What is the thousands digit of 80657?
0
What is the units digit of 48756?
6
What is the units digit of 18929240?
0
What is the units digit of 7821375?
5
What is the thousands digit of 3080994?
0
What is the hundreds digit of 158344?
3
What is the hundred thousands digit of 476096?
4
What is the millions digit of 8233495?
8
What is the tens digit of 116906?
0
What is the ten thousands digit of 95644?
9
What is the units digit of 259984?
4
What is the t